 4*n + n + x - 48. Calculate the highest common factor of n and 6.
3
Let y(x) = -4*x + 1. Let u be y(-3). Let p = -8285 - -8376. What is the greatest common factor of u and p?
13
Let o(y) = -264*y - 11129. Let t be o(-50). What is the highest common divisor of 109 and t?
109
Suppose 0 = -15*f + 10*f + 65. Suppose f*p = 9*p + 16. Suppose -5*g + 269 = -2*w, p*g + w - 2*w = 217. Calculate the greatest common factor of g and 11.
11
Let m(t) be the first derivative of 11*t**3/3 + 8*t**2 + 68*t - 67. Let w be m(-7). Calculate the greatest common factor of w and 9.
9
Let v(o) = o**2 - 90*o + 781. Let c be v(81). What is the highest common divisor of c and 234?
26
Suppose 3*y - 79 = -q, -712*q + 52 = 2*y - 711*q. Let p = -3 - -8. Suppose t - 29 = -0*g - g, -p*t + 5*g = -125. What is the highest common factor of t and y?
27
Suppose 6*i = 816 - 258. Calculate the greatest common factor of i and 2325.
93
Let a be 7 - 5346/(-30) - 2/10. Suppose 5*z + 5*v = a, v + 6 = 7. Calculate the greatest common factor of z and 36.
36
Let t(z) = 12*z - 24. Let b be t(8). Let r = 1266 - 1050. What is the highest common divisor of b and r?
72
Let c(y) = 124*y + 1420. Let j be c(-10). Calculate the greatest common factor of j and 2196.
36
Let m(r) = r**2 - 2*r - 22. Let p be m(6). Suppose y + p*y - 9 = 0. Suppose -2*l + y*w + 50 = 2*l, l - 22 = -4*w. What is the highest common divisor of l and 2?
2
Suppose -39*b + 646 + 19634 = 0. Calculate the highest common divisor of 572 and b.
52
Let y(w) = w**3 - 12*w**2 + 22*w - 21. Let r be y(10). Let x be -13*(-4)/r*(-5)/4. Let b be (-152)/(-6) + 2/3. What is the highest common divisor of x and b?
13
Suppose -1293 = -7*r + 2809. Let o = r + -370. Calculate the greatest common divisor of o and 162.
54
Let j be (-4)/(21/(-6)*(-44)/(-77)). Let s be 197/j + 54/108. Let z(b) = -2*b - 9. Let y be z(-9). Calculate the greatest common factor of y and s.
9
Let g = 78 + -45. Let t(n) be the second derivative of n**4/4 - 25*n**3/6 + 19*n**2/2 + n - 26. Let x be t(8). Calculate the greatest common factor of x and g.
11
Let v = -138 - -50. Let o = v - 17. Let s = o + 229. Calculate the greatest common divisor of 31 and s.
31
Let c = 69 + -27. Suppose 2*p + g = -2 + 5, -4*g = 4*p - 16. Let n be (p - -2)/(6/42). Calculate the highest common factor of c and n.
7
Let z = 104 - 46. Suppose 5*n + 5*a = 3500, 23 - 2119 = -3*n - 2*a. What is the greatest common divisor of z and n?
58
Suppose -11*y = -9 + 53. Let h be (8 - 2) + (-12 - y - -5). Suppose -h*p = -5*m + 162, -3*m - m + 104 = 4*p. What is the greatest common factor of m and 20?
10
Let k be (27/(-30)*-2)/((-3890)/300 - -13). Calculate the greatest common factor of 1746 and k.
18
Let m(c) = -13*c - 172. Let b = -466 - -450. Let k be m(b). Calculate the greatest common divisor of 396 and k.
36
Let a be 30/3*(-36 + 1). Let n = a + 385. What is the greatest common divisor of 20 and n?
5
Let d(v) = -10*v - 416. Let o be d(-92). Calculate the greatest common divisor of o and 8.
8
Suppose 2*r - 2*s - 15672 + 2136 = 0, -2*s - 40596 = -6*r. What is the highest common divisor of r and 22?
11
Suppose 156 = 4*g - 0*g. Let p(d) = -13*d - 166. Let l be p(-13). Suppose -l*a + 12 = o, -10 - 2 = -5*a + o. What is the greatest common divisor of g and a?
3
Let y be ((-336)/(-64))/((-6)/32*-1). Suppose 140 = 33*j - 28*j. What is the highest common divisor of y and j?
28
Let h(p) = -3*p - 12. Let v be h(-4). Suppose 2*q - 7*q = v. Let s(k) = -k**2 + 3*k + 23. Let r be s(q). Calculate the greatest common factor of r and 115.
23
Suppose -5*q - l = -4*l - 37, -3*q + 5*l + 19 = 0. Suppose 3*w + 6*w - 144 = 0. Calculate the highest common divisor of q and w.
8
Let a = -10516 - -10546. Suppose 0 = -3*b + 56 - 2. Calculate the greatest common divisor of b and a.
6
Let n be (-3 - -1) + 19 + 2. Suppose 6*i - n*i = -104. Let p(s) = s**3 - 8*s**2 + 2*s + 2. Let g be p(i). What is the greatest common factor of g and 9?
9
Let o be (15/6 - 3)/(1/(-40)). Calculate the greatest common divisor of 80 and o.
20
Let b = 5129 + -5053. What is the greatest common divisor of b and 95?
19
Suppose 43946 = 81*m + 42488. Let x(w) = w**2 + w + 45. Let v be x(0). What is the highest common divisor of v and m?
9
Let f(z) = -2*z**3 - 14*z**2 - 27*z - 10. Let g be f(-10). What is the highest common divisor of g and 90?
10
Let b(f) = 177*f**2 - 130*f + 1. Let x be b(-5). Calculate the greatest common divisor of 752 and x.
188
Let p(y) = -4*y + 6. Let m be p(-13). Suppose 0 = 3*u + 5*v - 4713, 311 = 3*u - 3*v - 4378. What is the greatest common divisor of u and m?
58
Let z be 6/2*110/30. Let j be -44*41*6/(-24). Calculate the greatest common divisor of z and j.
11
Let z(k) = -2*k**2 - 38*k + 68. Let s be z(-18). Calculate the greatest common factor of 136 and s.
8
Suppose -3*u + 3 = -0, 3*b = 3*u + 768. Let o = -254 + b. Calculate the highest common divisor of 6 and o.
3
Let c = -1046 - -1959. Suppose 4*m - 367 + 35 = -h, -332 = -4*m + 3*h. Calculate the greatest common divisor of m and c.
83
Let r = -16287 + 16504. Suppose -10 + 2 = -4*g. Suppose -g*h = -4, 6*h = 2*w + 2*h - 54. What is the greatest common factor of w and r?
31
Let s = -183 - -195. Let c be 3/s + 134/8. Calculate the greatest common divisor of 119 and c.
17
Suppose 196 = 3*i + 27*w - 26*w, -3*i + 3*w = -192. What is the greatest common factor of i and 2054?
13
Let n(w) = w**3 - 2*w**2 - 4*w - 11. Let p be n(9). Suppose p = -8*f - 1400. Let q be (-4)/(-7) - f/21. What is the highest common factor of 48 and q?
12
Let d(g) = 11*g**2 + 14*g + 58. Let q(v) = 9*v**2 + 14*v + 56. Let l(f) = -4*d(f) + 5*q(f). Let a be l(-3). Calculate the greatest common divisor of 960 and a.
15
Let l be 24/168 - (-20)/7. Suppose l*c = 5*c - 16. Suppose -c*d = -3*d - 50. Calculate the highest common factor of d and 2.
2
Suppose -4*s + 492 + 160 = 5*d, s + 5*d - 148 = 0. Suppose -27*i + s = -15*i. What is the highest common factor of i and 266?
14
Let v be (-9*102/136)/(-2 + (-311)/(-156)). What is the greatest common factor of v and 1377?
81
Let a be 1*((-4)/12 + 4)*33. Let j = a + -80. Calculate the greatest common factor of 451 and j.
41
Suppose -6 = -2*r + l - 2, 2*l = 0. Calculate the highest common factor of r and 354.
2
Let h be (56 - 2) + (-4)/(12/9). What is the greatest common factor of h and 5?
1
Suppose 2*f = 2*a + 19418, -f - 457*a + 456*a = -9697. Calculate the greatest common divisor of f and 31.
31
Let n(r) = -427*r - 1584. Let d be n(-5). Calculate the greatest common divisor of 1247 and d.
29
Let t be 1/(9/(-10620)*-10). Calculate the highest common divisor of 649 and t.
59
Suppose -3*a + z + 102 = 0, -z - 96 + 93 = 0. What is the highest common divisor of 5775 and a?
33
Suppose -371 = -73*f + 359. Calculate the greatest common factor of f and 840.
10
Suppose -344*i + 11997 = -301*i. What is the highest common divisor of 496 and i?
31
Let p(x) = -71*x + 750. Let a be p(10). Suppose 5*r + 152 = 2*m, 9*m = 4*m - 2*r + 322. Suppose 24 = 3*q - m. What is the greatest common divisor of q and a?
10
Let j be -24 + 26028/(2 - -10). Calculate the highest common factor of j and 156.
39
Let b(k) = 8*k - 84. Suppose 5*w - 4*v - 91 = 0, v + 57 = 3*w - 2*v. Let u be b(w). Calculate the highest common factor of u and 117.
9
Let r be (-73)/(-7) - 72/168. Calculate the greatest common factor of r and 4440.
10
Let v(r) = -r**2 - r + 268. Let y be v(-12). What is the highest common factor of y and 44?
4
Let h be 12/(-42) + 5/(-7) + -5. Let y be (21/6)/(h/(-12)). What is the highest common divisor of y and 77?
7
Let h be (-15)/(-5) + (-1)/(2/(-42)). Let w be (-1 - (-40)/h)/((-1)/(-12)). What is the highest common divisor of 8 and w?
8
Let y be 21 - 1/((-3)/6). Suppose 6*n = y + 43. Let x(k) = -k**2 + k + 99. Let d be x(0). What is the greatest common factor of n and d?
11
Let k = 35050 + -34625. Calculate the greatest common factor of k and 175.
25
Suppose 2*k = -1 - 1. Suppose -27 = -5*f + 2*l, -4*f + 3*l + 7 + 9 = 0. Let n = k + f. What is the greatest common factor of 18 and n?
6
Let g = -881 - -888. Calculate the highest common divisor of 896 and g.
7
Suppose 4338 = -7*x + 25*x. Suppose -x - 299 = -9*z. Calculate the highest common factor of z and 90.
30
Let a = 240 + -269. Let n = -43 + 74. Let 